{"version":"1.0","provider_name":"esterpartners","provider_url":"https:\/\/www.esterpartners.com\/hu\/","title":"Sz\u00ednes \u00e9s b\u00e1tor: ilyen volt a Supersalone Mil\u00e1n\u00f3ban - esterpartners","type":"rich","width":600,"height":338,"html":"<blockquote class=\"wp-embedded-content\" data-secret=\"FKe71ChoRm\"><a href=\"https:\/\/www.esterpartners.com\/hu\/szines-es-bator-ilyen-volt-a-supersalone-milanoban\/\">Sz\u00ednes \u00e9s b\u00e1tor: ilyen volt a Supersalone Mil\u00e1n\u00f3ban<\/a><\/blockquote><iframe sandbox=\"allow-scripts\" security=\"restricted\" src=\"https:\/\/www.esterpartners.com\/hu\/szines-es-bator-ilyen-volt-a-supersalone-milanoban\/embed\/#?secret=FKe71ChoRm\" width=\"600\" height=\"338\" title=\"&#8220;Sz\u00ednes \u00e9s b\u00e1tor: ilyen volt a Supersalone Mil\u00e1n\u00f3ban&#8221; &#8212; esterpartners\" data-secret=\"FKe71ChoRm\" frameborder=\"0\" marginwidth=\"0\" marginheight=\"0\" scrolling=\"no\" class=\"wp-embedded-content\"><\/iframe><script>\n\/*! This file is auto-generated *\/\n!function(d,l){\"use strict\";l.querySelector&&d.addEventListener&&\"undefined\"!=typeof URL&&(d.wp=d.wp||{},d.wp.receiveEmbedMessage||(d.wp.receiveEmbedMessage=function(e){var t=e.data;if((t||t.secret||t.message||t.value)&&!\/[^a-zA-Z0-9]\/.test(t.secret)){for(var s,r,n,a=l.querySelectorAll('iframe[data-secret=\"'+t.secret+'\"]'),o=l.querySelectorAll('blockquote[data-secret=\"'+t.secret+'\"]'),c=new RegExp(\"^https?:$\",\"i\"),i=0;i<o.length;i++)o[i].style.display=\"none\";for(i=0;i<a.length;i++)s=a[i],e.source===s.contentWindow&&(s.removeAttribute(\"style\"),\"height\"===t.message?(1e3<(r=parseInt(t.value,10))?r=1e3:~~r<200&&(r=200),s.height=r):\"link\"===t.message&&(r=new URL(s.getAttribute(\"src\")),n=new URL(t.value),c.test(n.protocol))&&n.host===r.host&&l.activeElement===s&&(d.top.location.href=t.value))}},d.addEventListener(\"message\",d.wp.receiveEmbedMessage,!1),l.addEventListener(\"DOMContentLoaded\",function(){for(var e,t,s=l.querySelectorAll(\"iframe.wp-embedded-content\"),r=0;r<s.length;r++)(t=(e=s[r]).getAttribute(\"data-secret\"))||(t=Math.random().toString(36).substring(2,12),e.src+=\"#?secret=\"+t,e.setAttribute(\"data-secret\",t)),e.contentWindow.postMessage({message:\"ready\",secret:t},\"*\")},!1)))}(window,document);\n\/\/# sourceURL=https:\/\/www.esterpartners.com\/wp-includes\/js\/wp-embed.min.js\n<\/script>","description":"Egy rendk\u00edv\u00fcli ki\u00e1ll\u00edt\u00e1s \u00faj koncepci\u00f3ba \u00f6lt\u00f6zve. A mil\u00e1n\u00f3i ismert \u00e9p\u00edt\u00e9sz \u00e9s v\u00e1rostervez\u0151, Stefano Boeri (t\u00f6bbek k\u00f6z\u00f6tt a F\u00fcgg\u0151kertek, a Giardini verticali \u00e9p\u00fclet tervez\u0151je) \u00f6tlete alapj\u00e1n val\u00f3sulhatott meg m\u00e1sf\u00e9l \u00e9v halaszt\u00e1s ut\u00e1n, a szok\u00e1sost\u00f3l elt\u00e9r\u0151 id\u0151pontban, szeptemberben megrendez\u00e9sre ker\u00fcl\u0151 b\u00fator- \u00e9s designki\u00e1ll\u00edt\u00e1s. Cikk\u00fcnkben Radn\u00f3czy Eszter bels\u0151\u00e9p\u00edt\u00e9sz mes\u00e9l az idei Milan Design Weekr\u0151l! A szervez\u0151k idei \u00f6tlete [&hellip;]","thumbnail_url":"https:\/\/www.esterpartners.com\/wp-content\/uploads\/2021\/09\/5-1-1.jpg","thumbnail_width":1856,"thumbnail_height":1392}

Színes és bátor: ilyen volt a Supersalone Milánóban - esterpartners

<blockquote class="wp-embedded-content" data-secret="FKe71ChoRm"><a href="https://www.esterpartners.com/hu/szines-es-bator-ilyen-volt-a-supersalone-milanoban/">Színes és bátor: ilyen volt a Supersalone Milánóban</a></blockquote><iframe sandbox="allow-scripts" security="restricted" src="https://www.esterpartners.com/hu/szines-es-bator-ilyen-volt-a-supersalone-milanoban/embed/#?secret=FKe71ChoRm" width="600" height="338" title="&#8220;Színes és bátor: ilyen volt a Supersalone Milánóban&#8221; &#8212; esterpartners" data-secret="FKe71ChoRm" frameborder="0" marginwidth="0" marginheight="0" scrolling="no" class="wp-embedded-content"></iframe><script>
/*! This file is auto-generated */
!function(d,l){"use strict";l.querySelector&&d.addEventListener&&"undefined"!=typeof URL&&(d.wp=d.wp||{},d.wp.receiveEmbedMessage||(d.wp.receiveEmbedMessage=function(e){var t=e.data;if((t||t.secret||t.message||t.value)&&!/[^a-zA-Z0-9]/.test(t.secret)){for(var s,r,n,a=l.querySelectorAll('iframe[data-secret="'+t.secret+'"]'),o=l.querySelectorAll('blockquote[data-secret="'+t.secret+'"]'),c=new RegExp("^https?:$","i"),i=0;i<o.length;i++)o[i].style.display="none";for(i=0;i<a.length;i++)s=a[i],e.source===s.contentWindow&&(s.removeAttribute("style"),"height"===t.message?(1e3<(r=parseInt(t.value,10))?r=1e3:~~r<200&&(r=200),s.height=r):"link"===t.message&&(r=new URL(s.getAttribute("src")),n=new URL(t.value),c.test(n.protocol))&&n.host===r.host&&l.activeElement===s&&(d.top.location.href=t.value))}},d.addEventListener("message",d.wp.receiveEmbedMessage,!1),l.addEventListener("DOMContentLoaded",function(){for(var e,t,s=l.querySelectorAll("iframe.wp-embedded-content"),r=0;r<s.length;r++)(t=(e=s[r]).getAttribute("data-secret"))||(t=Math.random().toString(36).substring(2,12),e.src+="#?secret="+t,e.setAttribute("data-secret",t)),e.contentWindow.postMessage({message:"ready",secret:t},"*")},!1)))}(window,document);
//# sourceURL=https://www.esterpartners.com/wp-includes/js/wp-embed.min.js
</script>

Egy rendkívüli kiállítás új koncepcióba öltözve. A milánói ismert építész és várostervező, Stefano Boeri (többek között a Függőkertek, a Giardini verticali épület tervezője) ötlete alapján valósulhatott meg másfél év halasztás után, a szokásostól eltérő időpontban, szeptemberben megrendezésre kerülő bútor- és designkiállítás. Cikkünkben Radnóczy Eszter belsőépítész mesél az idei Milan Design Weekről! A szervezők idei ötlete [&hellip;]
